{"id":11,"date":"2020-11-03T19:31:21","date_gmt":"2020-11-03T19:31:21","guid":{"rendered":"http:\/\/stammtisch.wolff-dienstleistungen.de\/?page_id=11"},"modified":"2020-11-03T21:49:23","modified_gmt":"2020-11-03T20:49:23","slug":"start","status":"publish","type":"page","link":"https:\/\/stammtisch.wolff-dienstleistungen.de\/","title":{"rendered":"Herzlich Willkommen!"},"content":{"rendered":"\n<div class=\"wp-block-image is-style-default\"><figure class=\"aligncenter size-large\"><img loading=\"lazy\" decoding=\"async\" width=\"842\" height=\"595\" src=\"https:\/\/stammtisch.wolff-dienstleistungen.de\/wp-content\/uploads\/2020\/11\/stammtisch-logo-1.jpeg\" alt=\"\" class=\"wp-image-8\" srcset=\"https:\/\/stammtisch.wolff-dienstleistungen.de\/wp-content\/uploads\/2020\/11\/stammtisch-logo-1.jpeg 842w, https:\/\/stammtisch.wolff-dienstleistungen.de\/wp-content\/uploads\/2020\/11\/stammtisch-logo-1-300x212.jpeg 300w, https:\/\/stammtisch.wolff-dienstleistungen.de\/wp-content\/uploads\/2020\/11\/stammtisch-logo-1-768x543.jpeg 768w\" sizes=\"auto, (max-width: 842px) 100vw, 842px\" \/><\/figure><\/div>\n\n\n\n<p>Der Stammtisch D\u00fcrener Gastronomen ist eine Gemeinschaft D\u00fcrener Gastronomiebetriebe sowie Zulieferer. Sie dient dazu, sich untereinander zu vernetzten und auszutauschen. Auch m\u00f6chten wir \u00fcber diese Seite unsere G\u00e4ste \u00fcber die Situation in der Branche informieren. Alle Betriebe aus D\u00fcren und direkter Umgebung k\u00f6nnen problemlos dem Stammtisch beitreten.<\/p>\n\n\n\n<h2 class=\"wp-block-heading\">Betriebe<\/h2>\n\n\n<div  class=\"lgx_logo_slider_app_wrapper lgx-logo-slider-wp\"><div class=\"lgx-logo-wrapper  nav-position-v-mid-hover hover-grayscale\"  ><div class=\"owl-carousel lgx-logo-carousel\"  data-margin=\"10\"  data-loop=\"true\"  data-autoplay=\"true\"  data-autoplaytimeout=\"2000\"  data-autoplayhoverpause=\"true\"  data-dots=\"false\"  data-smartspeed=\"500\"  data-slidespeed=\"200\"  data-paginationspeed=\"800\"  data-itemlarge=\"5\"  data-itemdesk=\"4\"  data-itemtablet=\"3\"  data-itemmobile=\"2\"  data-navlarge=\"true\"  data-navdesk=\"true\"  data-navtablet=\"true\"  data-navmobile=\"true\"  ><div class=\"item lgx-log-item\" ><div class=\"lgx-logo-item\" ><a href=\"https:\/\/www.birraduria.de\/\" target=\"_blank\"><img decoding=\"async\" class=\"lgx-logo-img\" src=\"https:\/\/stammtisch.wolff-dienstleistungen.de\/wp-content\/uploads\/2020\/11\/das-brauhaus.png\" style=\"max-width: 350px;max-height: 350px;\"   alt=\"\" title=\"Das Brauhaus\" \/><\/a><\/div><\/div><div class=\"item lgx-log-item\" ><div class=\"lgx-logo-item\" ><a href=\"https:\/\/www.1828er.de\/\" target=\"_blank\"><img decoding=\"async\" class=\"lgx-logo-img\" src=\"https:\/\/stammtisch.wolff-dienstleistungen.de\/wp-content\/uploads\/2020\/11\/lambertus.png\" style=\"max-width: 350px;max-height: 350px;\"   alt=\"\" title=\"Lambertus Br\u00e4u & Brand\" \/><\/a><\/div><\/div><div class=\"item lgx-log-item\" ><div class=\"lgx-logo-item\" ><a href=\"https:\/\/www.burgrestaurant-nideggen.de\/\" target=\"_blank\"><img decoding=\"async\" class=\"lgx-logo-img\" src=\"https:\/\/stammtisch.wolff-dienstleistungen.de\/wp-content\/uploads\/2020\/11\/signet-BN.png\" style=\"max-width: 350px;max-height: 350px;\"   alt=\"\" title=\"Burgrestaurant Nideggen\" \/><\/a><\/div><\/div><div class=\"item lgx-log-item\" ><div class=\"lgx-logo-item\" ><a href=\"https:\/\/www.postillion-dueren.de\/\" target=\"_blank\"><img decoding=\"async\" class=\"lgx-logo-img\" src=\"https:\/\/stammtisch.wolff-dienstleistungen.de\/wp-content\/uploads\/2020\/11\/postillion.jpg\" style=\"max-width: 350px;max-height: 350px;\"   alt=\"\" title=\"Postillion\" \/><\/a><\/div><\/div><div class=\"item lgx-log-item\" ><div class=\"lgx-logo-item\" ><a href=\"https:\/\/www.naashorn.de\/\" target=\"_blank\"><img decoding=\"async\" class=\"lgx-logo-img\" src=\"https:\/\/stammtisch.wolff-dienstleistungen.de\/wp-content\/uploads\/2020\/11\/naashorn.png\" style=\"max-width: 350px;max-height: 350px;\"   alt=\"\" title=\"Naashorn\" \/><\/a><\/div><\/div><div class=\"item lgx-log-item\" ><div class=\"lgx-logo-item\" ><a href=\"https:\/\/cafe-extrablatt.de\/standorte\/details\/cafe-extrablatt-dueren\" target=\"_blank\"><img decoding=\"async\" class=\"lgx-logo-img\" src=\"https:\/\/stammtisch.wolff-dienstleistungen.de\/wp-content\/uploads\/2020\/11\/extrablatt.png\" style=\"max-width: 350px;max-height: 350px;\"   alt=\"\" title=\"Caf\u00e9 Extrablatt D\u00fcren\" \/><\/a><\/div><\/div><div class=\"item lgx-log-item\" ><div class=\"lgx-logo-item\" ><a href=\"https:\/\/strandwerk.de\/\" target=\"_blank\"><img decoding=\"async\" class=\"lgx-logo-img\" src=\"https:\/\/stammtisch.wolff-dienstleistungen.de\/wp-content\/uploads\/2020\/11\/strandwerk.png\" style=\"max-width: 350px;max-height: 350px;\"   alt=\"\" title=\"Strandwerk\" \/><\/a><\/div><\/div><div class=\"item lgx-log-item\" ><div class=\"lgx-logo-item\" ><a href=\"http:\/\/wirtshaus-anna.de\/\" target=\"_blank\"><img decoding=\"async\" class=\"lgx-logo-img\" src=\"https:\/\/stammtisch.wolff-dienstleistungen.de\/wp-content\/uploads\/2020\/11\/wirtshaus-anna.png\" style=\"max-width: 350px;max-height: 350px;\"   alt=\"\" title=\"Wirtshaus Anna\" \/><\/a><\/div><\/div><div class=\"item lgx-log-item\" ><div class=\"lgx-logo-item\" ><a href=\"http:\/\/www.jeck-jot.de\/\" target=\"_blank\"><img decoding=\"async\" class=\"lgx-logo-img\" src=\"https:\/\/stammtisch.wolff-dienstleistungen.de\/wp-content\/uploads\/2020\/11\/jeck-jot.jpg\" style=\"max-width: 350px;max-height: 350px;\"   alt=\"\" title=\"Jeck & Jot die k\u00f6lsche Kneipe\" \/><\/a><\/div><\/div><div class=\"item lgx-log-item\" ><div class=\"lgx-logo-item\" ><a href=\"https:\/\/www.wolffs-diner.com\" target=\"_blank\"><img decoding=\"async\" class=\"lgx-logo-img\" src=\"https:\/\/stammtisch.wolff-dienstleistungen.de\/wp-content\/uploads\/2020\/11\/Logo-Diner-transparent-Mitte-beige-512px.png\" style=\"max-width: 350px;max-height: 350px;\"   alt=\"\" title=\"The Wolff's Diner\" \/><\/a><\/div><\/div><div class=\"item lgx-log-item\" ><div class=\"lgx-logo-item\" ><a href=\"http:\/\/dueren.teuterhof.de\/\" target=\"_blank\"><img decoding=\"async\" class=\"lgx-logo-img\" src=\"https:\/\/stammtisch.wolff-dienstleistungen.de\/wp-content\/uploads\/2020\/11\/teuterhof.png\" style=\"max-width: 350px;max-height: 350px;\"   alt=\"\" title=\"Teuterhof\" \/><\/a><\/div><\/div><div class=\"item lgx-log-item\" ><div class=\"lgx-logo-item\" ><a href=\"https:\/\/www.wolff-dienstleistungen.de\" target=\"_blank\"><img decoding=\"async\" class=\"lgx-logo-img\" src=\"https:\/\/stammtisch.wolff-dienstleistungen.de\/wp-content\/uploads\/2020\/11\/Logo-WDL.png\" style=\"max-width: 350px;max-height: 350px;\"   alt=\"\" title=\"Wolff Dienstleistungen\" \/><\/a><\/div><\/div><div class=\"item lgx-log-item\" ><div class=\"lgx-logo-item\" ><a href=\"http:\/\/www.restaurant-strepp-am-see.de\/\" target=\"_blank\"><img decoding=\"async\" class=\"lgx-logo-img\" src=\"https:\/\/stammtisch.wolff-dienstleistungen.de\/wp-content\/uploads\/2020\/11\/strepp-am-see.jpg\" style=\"max-width: 350px;max-height: 350px;\"   alt=\"\" title=\"Strepp am See\" \/><\/a><\/div><\/div><\/div><\/div><\/div>\n","protected":false},"excerpt":{"rendered":"<p>Der Stammtisch D\u00fcrener Gastronomen ist eine Gemeinschaft D\u00fcrener Gastronomiebetriebe sowie Zulieferer. Sie dient dazu, sich untereinander zu vernetzten und auszutauschen. Auch m\u00f6chten wir \u00fcber diese Seite unsere G\u00e4ste \u00fcber die Situation in der Branche informieren. Alle Betriebe aus D\u00fcren und direkter Umgebung k\u00f6nnen problemlos dem Stammtisch beitreten. Betriebe<\/p>\n","protected":false},"author":1,"featured_media":0,"parent":0,"menu_order":0,"comment_status":"closed","ping_status":"closed","template":"","meta":{"footnotes":""},"class_list":["post-11","page","type-page","status-publish","hentry"],"_links":{"self":[{"href":"https:\/\/stammtisch.wolff-dienstleistungen.de\/index.php?rest_route=\/wp\/v2\/pages\/11","targetHints":{"allow":["GET"]}}],"collection":[{"href":"https:\/\/stammtisch.wolff-dienstleistungen.de\/index.php?rest_route=\/wp\/v2\/pages"}],"about":[{"href":"https:\/\/stammtisch.wolff-dienstleistungen.de\/index.php?rest_route=\/wp\/v2\/types\/page"}],"author":[{"embeddable":true,"href":"https:\/\/stammtisch.wolff-dienstleistungen.de\/index.php?rest_route=\/wp\/v2\/users\/1"}],"replies":[{"embeddable":true,"href":"https:\/\/stammtisch.wolff-dienstleistungen.de\/index.php?rest_route=%2Fwp%2Fv2%2Fcomments&post=11"}],"version-history":[{"count":6,"href":"https:\/\/stammtisch.wolff-dienstleistungen.de\/index.php?rest_route=\/wp\/v2\/pages\/11\/revisions"}],"predecessor-version":[{"id":61,"href":"https:\/\/stammtisch.wolff-dienstleistungen.de\/index.php?rest_route=\/wp\/v2\/pages\/11\/revisions\/61"}],"wp:attachment":[{"href":"https:\/\/stammtisch.wolff-dienstleistungen.de\/index.php?rest_route=%2Fwp%2Fv2%2Fmedia&parent=11"}],"curies":[{"name":"wp","href":"https:\/\/api.w.org\/{rel}","templated":true}]}}